-364
Let f(w) = -w**3 + 96*w**2 + 299*w - 223. What is f(99)?
-25
Let v(q) = -11*q**2 + 1150*q + 607. Determine v(105).
82
Let b(l) = -13*l**2 + 2472*l - 21201. Calculate b(9).
-6
Let u(q) = -q**2 - 2710*q + 104500. Calculate u(38).
76
Let j(n) = -n**2 - 418*n - 32853. Give j(-314).
-197
Let k(b) = 2602*b + 35925. Give k(-14).
-503
Let n(l) = l**3 - 65*l**2 + 347*l + 3390. Determine n(58).
-32
Let y(d) = 9*d**2 - 67*d - 103. Determine y(5).
-213
Let u(f) = -38*f**3 + 19*f**2 + 16*f - 29. What is u(2)?
-225
Let u(g) = -127*g**3 + 2*g**2 + 2*g - 2. What is u(0)?
-2
Let b(f) = 2*f**3 + 104*f**2 + 58*f + 2507. Calculate b(-52).
-509
Let t(u) = -2*u**2 - 825*u - 14188. What is t(-18)?
14
Let k(c) = -23623*c - 33048584. Give k(-1399).
-7
Let b(s) = -s**3 - 20*s**2 - 85*s - 51. What is b(-5)?
-1
Let v(p) = 870*p - 9251. Determine v(11).
319
Let o(w) = 2*w**3 - 461*w**2 + 1134*w - 315322. Calculate o(231).
-7
Let g(s) = 1401*s - 33716. Give g(24).
-92
Let r(u) = 421*u + 324. What is r(0)?
324
Let g(x) = 9*x**2 + 568*x + 8698. Give g(-37).
3
Let i(g) = -2*g**2 + 430*g - 23070. What is i(117)?
-138
Let m(x) = -757*x + 25734. Determine m(33).
753
Let m(d) = 402*d - 12416. Determine m(31).
46
Let i(z) = -33127*z + 33125. Give i(1).
-2
Let p(r) = -39*r + 1407. Determine p(-12).
1875
Let f(y) = -3*y**3 + 36*y**2 - 92*y + 194. Determine f(12).
-910
Let h(m) = 604*m + 10508. Determine h(-18).
-364
Let y(h) = 63*h + 1012. Calculate y(18).
2146
Let d(g) = g**2 + 596*g + 13830. Determine d(-24).
102
Let b(z) = -651*z - 1493. Determine b(-2).
-191
Let b(z) = -89918*z + 1168922. Calculate b(13).
-12
Let j(k) = k**3 - 238*k**2 - 1417*k - 11471. What is j(244)?
-3
Let d(k) = 3*k**2 - 21519*k + 1153255. Give d(54).
-23
Let b(r) = -467*r + 13996. Calculate b(30).
-14
Let h(u) = u**3 + 316*u**2 + 2023*u + 537960. Calculate h(-315).
-60
Let l(p) = p**2 + 383*p - 1065. Give l(3).
93
Let r(o) = 1105*o + 47006. What is r(-42)?
596
Let i(g) = -g**3 - 132*g**2 - 133*g - 671. Determine i(-131).
-409
Let r(k) = -29*k**3 - 696*k**2 - 17*k - 75. Calculate r(-24).
333
Let d(x) = 16*x**2 + 104*x + 105. Determine d(-1).
17
Let h(m) = -6*m**2 + 596*m - 2999. Determine h(94).
9
Let q(j) = -j**3 + 31*j**2 + 59*j - 517. What is q(32)?
347
Let s(h) = 3*h**2 + 2171*h - 42537. Determine s(20).
2083
Let k(s) = -s**2 + 36417*s - 14976413. Give k(416).
3
Let c(l) = -l**3 - 4*l**2 - 61*l - 21. Determine c(0).
-21
Let f(t) = -7102*t + 63591. Give f(9).
-327
Let o(g) = -27*g**3 - 4*g**2 - 54. Determine o(-4).
1610
Let l(i) = -i**3 - 72*i**2 - 440*i - 21005. What is l(-70)?
-5
Let q(m) = 665139*m + 2660552. Determine q(-4).
-4
Let n(t) = -251*t + 5363. Determine n(22).
-159
Let p(r) = 3*r**2 - 1437*r + 11287. Calculate p(471).
-17
Let a(i) = -56523*i - 169984. Give a(-3).
-415
Let n(m) = -m**3 - 9*m**2 - 248*m - 1182. What is n(-5)?
-42
Let t(h) = 3242*h - 31. What is t(0)?
-31
Let y(p) = 21460*p + 321879. What is y(-15)?
-21
Let w(m) = 7518*m - 120265. Determine w(16).
23
Let f(c) = c**3 + 77*c**2 + 469*c - 47. Calculate f(-70).
1423
Let v(y) = -3*y**2 + 942*y + 26504. Calculate v(340).
-16
Let q(w) = 10*w + 2081. What is q(-188)?
201
Let m(q) = -4983*q + 74800. Determine m(15).
55
Let w(c) = -3*c**3 - 6*c**2 + 337*c + 1543. Determine w(-8).
-1
Let q(x) = -40*x**3 - 207*x**2 - 4*x - 28. Give q(-5).
-183
Let q(v) = -91*v**3 + 6*v**2 - 42*v - 43. Give q(-1).
96
Let n(u) = 27*u**2 + 171*u - 486. Determine n(-8).
-126
Let o(f) = f**2 + 6556*f - 1095194. Calculate o(163).
3
Let a(t) = 30*t**2 + 523*t + 698. Calculate a(-16).
10
Let f(g) = 21*g**2 + 280*g + 342. Give f(-12).
6
Let y(b) = -2*b**3 + 55*b**2 + 65*b + 650. Determine y(29).
12
Let w(u) = -u**3 - 28*u**2 - 15*u - 893. Calculate w(-32).
3683
Let z(n) = 1196*n - 50890. Determine z(43).
538
Let x(r) = -145*r**2 + 7382*r + 660. Calculate x(51).
-3
Let r(w) = -42*w**3 + 208*w**2 + 191*w - 819. What is r(5)?
86
Let d(k) = -78*k**2 - 8387*k - 8389. Calculate d(-1).
-80
Let q(h) = h**2 + 3048*h + 1530468. What is q(-634)?
-8
Let g(n) = 2*n**3 - 446*n**2 - 182*n + 40531. Give g(223).
-55
Let x(f) = 361*f**2 - 7728*f + 3086. Calculate x(21).
-1
Let j(b) = -b**3 + 78*b**2 - 1468*b - 499. Determine j(33).
62
Let x(c) = 314*c + 388. Give x(1).
702
Let g(l) = -l**3 + 4*l**2 + 29412*l - 235013. Give g(8).
27
Let x(h) = -31290*h - 1689666. What is x(-54)?
-6
Let c(s) = 11*s**2 - 96*s - 416. What is c(12)?
16
Let o(i) = i**3 - 17*i**2 + 3*i + 436. What is o(15)?
31
Let z(i) = i**3 - 39*i**2 + 370*i - 18. What is z(23)?
28
Let t(l) = 2*l**3 - 103*l**2 - 91*l - 646. What is t(52)?
-2674
Let f(w) = -7*w**3 - 2211*w**2 + 309*w - 2249. Determine f(-316).
-37
Let a(c) = -387*c - 64984. Calculate a(-168).
32
Let n(d) = 1635*d + 29362. Give n(-16).
3202
Let a(h) = 9*h**2 + 3207*h + 25080. What is a(-8)?
0
Let c(s) = -s**3 - 20*s**2 - 48*s - 113. Determine c(-14).
-617
Let z(p) = -972*p + 9090. Give z(8).
1314
Let d(h) = -27747*h + 499441. Determine d(18).
-5
Let d(r) = -8*r**3 + 27*r**2 + 87013*r - 261068. Give d(3).
-2
Let t(m) = 9416*m + 28266. Give t(-3).
18
Let o(f) = -318*f + 69534. Calculate o(221).
-744
Let r(j) = -2*j**3 - 166*j**2 + 2*j + 162. Determine r(-83).
-4
Let q(j) = -2*j**3 - 173*j**2 - 401*j + 248. Give q(-84).
-1348
Let h(p) = -2*p**3 + 21*p**2 + 36*p + 400. Give h(13).
23
Let s(g) = g**2 + 894*g - 6232. What is s(7)?
75
Let s(q) = 114*q**2 - 4148*q + 12. Give s(36).
-1572
Let b(u) = -15*u**2 + 3904*u + 10784. Determine b(263).
1
Let s(l) = -4*l**2 - 9477*l + 76058. What is s(8)?
-14
Let h(w) = w**3 + 11*w**2 + 23*w - 1447. Calculate h(8).
-47
Let c(f) = f**2 + 7355*f + 29342. Determine c(-4).
-62
Let i(j) = -10*j**2 - 473*j + 558. What is i(-43)?
2407
Let g(v) = -2*v**3 + 581*v**2 + 3824*v + 10964. Calculate g(297).
-25
Let z(t) = 7*t**2 - 261*t - 5349. What is z(-19)?
2137
Let v(t) = t**2 + 465*t - 27467. Determine v(53).
-13
Let r(q) = 2*q**3 - 57*q**2 + 150*q - 508. Give r(26).
12
Let k(l) = -1018*l - 543787. Determine k(-534).
-175
Let v(y) = y**3 - 33*y**2 + 136*y - 19. Calculate v(29).
561
Let z(t) = -t**2 + 182*t + 7392. Determine z(-34).
48
Let z(p) = -643*p - 5695. Determine z(-6).
-1837
Let x(n) = 181*n + 16015. What is x(-95)?
-1180
Let i(b) = -375*b**3 + b**2 - 42*b + 41. Give i(1).
-375
Let c(y) = 500*y**2 - 110*y - 190. Determine c(-1).
420
Let w(c) = 165*c**3 + 4*c**2 - 22*c + 20. Calculate w(1).
167
Let u(d) = 44*d**3 - 704*d**2 - 53*d + 850. What is u(16)?
2
Let j(q) = 17*q**2 - 753*q + 488. Calculate j(44).
268
Let z(h) = -2*h**3 - 19*h**2 + 329*h - 280. Determine z(0).
-280
Let h(c) = -c**3 - 12*c**2 + 140*c - 268. Determine h(5).
7
Let c(j) = -9*j**2 - 70*j + 270. Give c(-11).
-49
Let m(u) = -233*u**2 - 691*u + 8. Give m(-3).
-16
Let t(i) = -i**2 - 25*i + 5328. What is t(62)?
-66
Let n(y) = -555*y + 44648. Determine n(80).
248
Let x(a) = -236*a**3 - 6*a**2 - 31*a + 69. Give x(2).
-1905
Let a(o) = o**3 - 58*o**2 + 51*o + 1104. Give a(56).
-2312
Let j(v) = -21*v - 636. Calculate j(-22).
-174
Let g(y) = -y**3 + 160*y**2 - 754*y - 3387. Calculate g(155).
-132
Let y(a) = 75*a**2 + 766*a - 452. Calculate y(-11).
197
Let x(g) = 43090*g - 86180. Give x(2).
0
Let m(j) = j**2 + 23827*j + 71448. What is m(-3)?
-24
Let h(p) = -2024*p + 28615. Give h(14).
279
Let z(f) = 141*f - 76699. Determine z(541).
-418
Let h(g) = -116*g**3 + 1382*g**2 + 116*g + 54. What is h(12)?
6
Let v(a) = a**3 - 153*a**2 - 973*a + 28909. Determine v(158).
-5
Let p(x) = -x**2 - 1682374*x - 8411848. Determine p(-5).
-3
Let s(p) = -p**3 + 31*p**2 - 3*p - 549. Determine s(30).
261
Let y(p) = -53*p**2 - 2451*p - 626. Determine y(-46).
-28
Let d(t) = -t**3 - 7*t**2 + 90*t + 432. Determine d(-14).
544
Let j(b) = -25*b**2 - 7273*b + 1274. What is j(-291)?
692
Let k(d) = 131069*d + 655330. Determine k(-5).
-15
Let a(i) = 10*i**3 + 143*i**2 - 893*i - 33. Determine a(-19).
-33
Let z(b) = 3*b**2 - 219*b + 1298. What is z(67)?
92
Let c(w) = -861*w + 9874. What is c(12)?
-458
Let d(a) = 18*a**2 + 29112*a - 292927. What is d(10)?
-7
Let a(c) = -9418*c - 18823. What is a(-2)?
13
Let j(z) = -744*z + 4551. What is j(6)?
87
Let d(j) = -j**3 + 34*j**2 - 102*j - 1589. What is d(27)?
760
Let j(h) = -2*h**3 + 590*h**2 - 1048*h + 135189. What is j(294)?
-51
Let i(q) = 6*q**3 + 68